
7
Let q be (-60)/52 + 1 - (-813)/(-39). Let n = q + 23. Suppose 0*l = l - 4*d - 117, n = -d. What is the units digit of l?
9
Let m(o) be the third derivative of -23*o**4/8 + 44*o**3/3 - 50*o**2. What is the units digit of m(-6)?
2
What is the units digit of ((-45)/6*1)/(2/(-2492))?
5
Let c be -6*(2198/(-21) + 4). Let g = c - 238. What is the hundreds digit of g?
3
Let r(y) = 28 - 4*y**2 + 161*y - 96*y - 88*y + 3*y**2. Let f be r(-12). Let j = -16 + f. What is the tens digit of j?
4
Let l = -7 + 12. Suppose -p - 3*j - 12 = 20, -l*p - j = 118. Let x = 124 - p. What is the hundreds digit of x?
1
Suppose -124*u - 38 = -105*u. Let j(x) = 104*x**2 - 8*x. What is the hundreds digit of j(u)?
4
Let v be (-16)/(-56) + (-5)/((-35)/12). Let n be v/(-2)*8/4. What is the tens digit of 1/((-5)/(-464)) + n/(-10)?
9
What is the hundreds digit of (10287/36 + -9)*36?
9
Let b be -1 - (-2 - -5) - 1*-2. Let q be (-16)/(-6) + b/(-6). Suppose -4*a + q*n + 264 = -n, n - 318 = -5*a. What is the units digit of a?
4
Suppose 478*t = 473*t + 35. Suppose -t*h + 968 + 411 = 0. What is the hundreds digit of h?
1
Suppose -4*a + 5*m + 13782 = 0, a + 4*m + 2430 - 5865 = 0. What is the tens digit of a?
4
Let s = 147 - 120. Suppose -x - 15730 = -s*x. What is the units digit of x?
5
Let r(i) = 436*i**2 - 93*i - 622. What is the tens digit of r(-7)?
9
Suppose -5*g = i - 1817 - 5477, 4*g - 14606 = -2*i. What is the units digit of i?
9
What is the hundreds digit of (15/(-2))/3*-155*(-108)/(-225)?
1
Let r = 23 + 5. Let z be -4*(r/8)/7. What is the tens digit of (3 + z)*(-1 + 18)?
1
Let d(t) = 419*t + 8*t**2 + 10*t**2 - 422*t + 45. What is the units digit of d(5)?
0
Let a = -28 + 33. Suppose 0*d - 10 = a*d - 5*w, 0 = -2*w. What is the tens digit of -2*(d + 0) - -118?
2
Let h = 253 - 250. Let v(x) = 64*x**2 - 17*x + 13. What is the hundreds digit of v(h)?
5
What is the thousands digit of (2817 - 4)/((-5)/(-75)*5)?
8
Suppose 41*k + 41883 = 333106. What is the units digit of k?
3
Let i(d) = -2*d**3 - 93*d**2 - 42*d + 187. Let q be i(-46). Suppose 4*x + q*z = 7*x - 5520, -2*x + 3*z + 3683 = 0. What is the thousands digit of x?
1
Suppose -19*d = -25*d - 2730. Let z = d - -1266. What is the units digit of z?
1
Suppose p - 4*v - 16990 = 0, -48*p + 46*p + 33944 = 4*v. What is the units digit of p?
8
Let h be 14*9*(3 + -4). Let p be 4/(-3 - 1) - (-191 + 2). Let r = h + p. What is the tens digit of r?
6
What is the hundreds digit of (((-3426)/72)/((-7)/28))/(6/414)?
1
Let n be 4/3*-51 + 0. Let m = -75 - n. What is the tens digit of -16*2*2/(3 + m)?
1
Let u(w) = 632 - 642 - 10*w - 16*w. Let h(p) = -p**2 + 3*p - 3. Let k be h(3). What is the units digit of u(k)?
8
Suppose -754 = 2*m + 2*t, -t - 2*t + 373 = -m. Let w = m - -819. What is the units digit of w?
3
Let r(p) = -24*p + 5. Let k = 33 - 34. Let z(m) = -2*m**2. Let c be z(k). What is the units digit of r(c)?
3
Let v(b) = -9629*b - 147. What is the ten thousands digit of v(-2)?
1
What is the ten thousands digit of (-128986)/(-44)*(6 - -4)?
2
Let r = 72148 - 30265. What is the hundreds digit of r?
8
Let t(b) = -b**3 + 6*b**2 - 13*b - 10. Let i be t(-8). Suppose q - 5*q - 2*j + 766 = 0, 0 = 5*q - 4*j - i. Let s = 286 - q. What is the tens digit of s?
9
Suppose 4*t = 395*r - 391*r + 2572, 2540 = 4*t + 4*r. What is the hundreds digit of t?
6
Let n(k) = -8*k**2 + 13*k - 4. Let p(a) = 4*a**2 - 7*a + 2. Suppose 0 = -4*f - 28 + 4. Let y(t) = f*n(t) - 11*p(t). What is the units digit of y(1)?
5
What is the thousands digit of (-74)/148 - 9505/(-2)?
4
Suppose -83*k + 1782974 + 2675257 = -824885. What is the thousands digit of k?
3
Let j(c) = 24*c**2 - 4*c - 32. Let f be j(-5). Let b = -314 + f. What is the units digit of b?
4
Let r = 46 - 41. Suppose -34 = -2*z - r*t - 0*t, -5*z = t - 131. Let y = -5 + z. What is the tens digit of y?
2
Suppose 4*v - 3 = 5*w, 4 = v + 3*v - 4*w. Suppose -f - 3*a - 3 + 23 = 0, v*f + 2*a = 48. What is the tens digit of f?
2
Suppose -2 = w - 2*w, 3*r - 1092 = 3*w. What is the tens digit of (5/(35/28))/(4/r)?
6
Let g be -4 + -9 + 21 - (4 + 1). What is the units digit of (-2106)/(-30) - 7 - g/15?
3
Let g be 563*1 - (-5 + 6). Suppose -9*f = -g - 860. Suppose -4*y + 35 = 2*o - 105, f = 2*o - 2*y. What is the units digit of o?
6
Let r(z) = -149*z - 2. Suppose 3*b - y - 5 = -0, 3*b + 4*y = -5. Let o be r(b). Let n = -56 - o. What is the tens digit of n?
9
Suppose 4*d - 5*a = 26, 14*a - 6 = -3*d + 11*a. What is the hundreds digit of (-498)/d*(-308)/42?
9
Let h = 11406 - 10018. What is the thousands digit of h?
1
Let x = -150999 + 223616. What is the units digit of x?
7
Let a = 120 - 62. Let q = 52 - a. Let p = q - -48. What is the units digit of p?
2
Suppose 0 = 9*w - 14*w + 2530. Suppose w = -6*i - 34. What is the units digit of (-36)/i - 1066/(-10)?
7
Suppose -49*y - 17440 = -90*y + 33195. What is the tens digit of y?
3
Suppose 0 = -2*m - 4*l + 4, -5*m - l = -10. Suppose 3170 = b + 4*b + m*r, -5*b = -3*r - 3195. What is the units digit of b?
6
Suppose -326287 + 2520217 = 171*z. What is the ten thousands digit of z?
1
Let m = 37 - 26. Suppose -18*b + m = -17*b. Suppose b*c = -17 + 1359. What is the tens digit of c?
2
Let a be -1 - 5/((10/115)/2). Let k = a - -328. What is the hundreds digit of k?
2
Let n(w) = 62*w**2 + 189*w - 16. What is the thousands digit of n(23)?
7
Let o be ((-8)/(-6))/4 - 154/66. What is the tens digit of (1275/o + 0)/((-5)/10)?
7
Let p(s) = s**3 - 27*s**2 - 74*s + 263. What is the units digit of p(34)?
9
Suppose -126*c + 130*c - 3*h - 116493 = 0, 145599 = 5*c + 2*h. What is the units digit of c?
1
Suppose 0 = -406*w + 25897 + 43529. What is the tens digit of w?
7
Suppose 85*r + 4*o = 82*r + 68101, o + 68141 = 3*r. What is the thousands digit of r?
2
Suppose 6 = -z + 3*z. Suppose 126 = -2*a + 2*p - 42, -2*a - 168 = z*p. What is the tens digit of (-20)/20 - (1 + a)?
8
Let n = 3161 - -2220. What is the hundreds digit of n?
3
What is the hundreds digit of (62/(-341))/((-3)/196053)?
8
Let r be (4*-1)/(16/8). Let p be r*1/3*-3. Suppose 8*h - 648 = p*h. What is the tens digit of h?
0
Let g be ((75 - -1) + 0)*(-3)/6. Let q = g - -40. Suppose -3 - 12 = -3*a, q*x - a = 171. What is the units digit of x?
8
Let b = -2303 - -4343. Suppose -2*a - 1131 = -y - 3180, -2*y = 2*a - b. What is the hundreds digit of a?
0
Let b(l) = -14*l**3 + 11*l**2 + 56*l + 91. What is the tens digit of b(-10)?
3
Let f = 67 + -65. Let u be f*1/(-4)*(-3 - 3). What is the units digit of -1 - (332/(-4) - u)?
5
Let v(y) = -1. Let t(a) = 5*a - 8*a - 10*a - 30. Let u(r) = t(r) - 5*v(r). What is the tens digit of u(-11)?
1
Let o(w) = -2*w**2 - 23*w - 99. Let d be o(-9). What is the tens digit of d*((-10)/16)/((-16)/(-576))?
1
Let h be 62/3*-2*45/20. What is the hundreds digit of (-1984)/h*66/4?
3
Suppose 0 = 12*n - 107 + 11. Suppose 549 + 1979 = n*a. What is the units digit of a?
6
Let n be (-2)/(-4) - (-19)/2. Let k(f) be the third derivative of -f**4/24 + 8*f**3/3 + 30*f**2. What is the units digit of k(n)?
6
Let t be -3*(-34)/24 + (-1)/4. Suppose -27 = -5*m + t*o, 2*m + 0*o = -2*o. Suppose -m*l + 5*j = -22, -2*j - 20 = -3*l + 2*j. What is the units digit of l?
4
Let a be (238/(-35))/((27/(-30))/9). What is the hundreds digit of 28899/153 - (-8)/a?
1
Let f(s) be the second derivative of s**5/20 - 4*s**4/3 - 12*s**3 + 63*s**2/2 - 40*s. What is the thousands digit of f(23)?
2
Let d = 18 - 16. Let v(m) = -17*m + 7*m + 17 + 6*m**2 - 4*m**d. What is the tens digit of v(5)?
1
Suppose 5732684 + 1082355 + 778273 = 184*b. What is the units digit of b?
8
Suppose 3*j - 750 = 4*q + 1745, -4*j = -3*q - 3336. What is the units digit of j?
7
Suppose 3*g = 2*a + 219646, 0 = 2*g + 4*a - 198878 + 52490. What is the units digit of g?
0
What is the thousands digit of ((-764420)/222)/((-12)/81*(-3)/(-2))?
5
Suppose 56 - 88 = -8*s. Suppose 3*n = s*i + 185, -7 = -3*i - 22. What is the units digit of n?
5
Let g(i) = -i**3 + 13*i**2 + 166*i + 151. What is the ten thousands digit of g(-22)?
1
Let o(b) = b**3 - 8*b**2 + 7*b - 7. Let k be o(5). Let h = 49 + k. What is the tens digit of ((-380)/(-2))/h - 192/48?
9
Let k(s) = -10*s - 37. Let p = -69 - -75. Suppose 2*a + h + 14 = -p, 32 = -5*a + 2*h. What is the units digit of k(a)?
3
Suppose -3*j - 153 + 759 = 0. Let l = 